en 28473 is divided by 550?
423
What is the remainder when 996037 is divided by 40?
37
What is the remainder when 4101 is divided by 4068?
33
Calculate the remainder when 5765 is divided by 953.
47
Calculate the remainder when 206721 is divided by 9841.
60
Calculate the remainder when 3431 is divided by 139.
95
What is the remainder when 2682 is divided by 161?
106
Calculate the remainder when 21197 is divided by 191.
187
Calculate the remainder when 34195 is divided by 11398.
1
Calculate the remainder when 278090 is divided by 211.
203
Calculate the remainder when 146747 is divided by 7.
6
What is the remainder when 2600 is divided by 38?
16
Calculate the remainder when 166928 is divided by 24.
8
Calculate the remainder when 11081 is divided by 1112.
1073
Calculate the remainder when 51522 is divided by 716.
686
What is the remainder when 11944 is divided by 134?
18
What is the remainder when 25770 is divided by 5142?
60
What is the remainder when 47875 is divided by 2992?
3
What is the remainder when 105564 is divided by 738?
30
What is the remainder when 836877 is divided by 7?
6
What is the remainder when 754394 is divided by 460?
454
Calculate the remainder when 18681 is divided by 18664.
17
What is the remainder when 1063 is divided by 654?
409
Calculate the remainder when 5029 is divided by 616.
101
Calculate the remainder when 2568 is divided by 242.
148
Calculate the remainder when 1014 is divided by 54.
42
Calculate the remainder when 50121 is divided by 125.
121
What is the remainder when 311 is divided by 163?
148
Calculate the remainder when 1185443 is divided by 197572.
11
Calculate the remainder when 177127 is divided by 4217.
13
What is the remainder when 392884 is divided by 10073?
37
What is the remainder when 637837 is divided by 114?
7
What is the remainder when 71446 is divided by 59?
56
Calculate the remainder when 627 is divided by 34.
15
What is the remainder when 20467 is divided by 580?
167
Calculate the remainder when 9839 is divided by 1953.
74
Calculate the remainder when 2724 is divided by 8.
4
What is the remainder when 2211 is divided by 55?
11
What is the remainder when 5605 is divided by 50?
5
What is the remainder when 120134 is divided by 76?
54
What is the remainder when 74476 is divided by 116?
4
What is the remainder when 6332 is divided by 422?
2
Calculate the remainder when 230287 is divided by 115120.
47
What is the remainder when 16903 is divided by 5615?
58
Calculate the remainder when 3988 is divided by 1988.
12
Calculate the remainder when 9018 is divided by 41.
39
Calculate the remainder when 2454 is divided by 84.
18
What is the remainder when 3431 is divided by 84?
71
What is the remainder when 51074 is divided by 1962?
62
Calculate the remainder when 124709 is divided by 27.
23
Calculate the remainder when 525 is divided by 429.
96
Calculate the remainder when 7057 is divided by 136.
121
What is the remainder when 9827 is divided by 1361?
300
Calculate the remainder when 81626 is divided by 90.
86
Calculate the remainder when 155 is divided by 30.
5
What is the remainder when 14713 is divided by 92?
85
Calculate the remainder when 1114 is divided by 85.
9
Calculate the remainder when 674565 is divided by 65.
60
Calculate the remainder when 2799 is divided by 2469.
330
What is the remainder when 4476 is divided by 1117?
8
What is the remainder when 91048 is divided by 25?
23
What is the remainder when 35146 is divided by 87?
85
What is the remainder when 3376 is divided by 130?
126
Calculate the remainder when 1027 is divided by 61.
51
Calculate the remainder when 37951 is divided by 18968.
15
What is the remainder when 5834 is divided by 70?
24
Calculate the remainder when 471115 is divided by 20482.
29
What is the remainder when 62492 is divided by 112?
108
What is the remainder when 6049 is divided by 97?
35
Calculate the remainder when 4624 is divided by 331.
321
Calculate the remainder when 42247 is divided by 704.
7
Calculate the remainder when 2655 is divided by 86.
75
What is the remainder when 94167 is divided by 263?
13
Calculate the remainder when 15469 is divided by 180.
169
What is the remainder when 1507 is divided by 79?
6
What is the remainder when 68969 is divided by 55?
54
What is the remainder when 30680 is divided by 12?
8
What is the remainder when 69598 is divided by 211?
179
What is the remainder when 108620 is divided by 62?
58
Calculate the remainder when 2353936 is divided by 281.
280
What is the remainder when 200982 is divided by 15?
12
What is the remainder when 612171 is divided by 63?
0
What is the remainder when 33514 is divided by 241?
15
What is the remainder when 101490 is divided by 265?
260
What is the remainder when 53246 is divided by 772?
750
Calculate the remainder when 49721 is divided by 7103.
0
Calculate the remainder when 1776 is divided by 58.
36
What is the remainder when 43230 is divided by 83?
70
What is the remainder when 14150 is divided by 431?
358
What is the remainder when 12018 is divided by 72?
66
What is the remainder when 19594 is divided by 152?
138
Calculate the remainder when 24112 is divided by 5.
2
What is the remainder when 626003 is divided by 3962?
7
Calculate the remainder when 3033 is divided by 32.
25
Calculate the remainder when 12852 is divided by 531.
108
What is the remainder when 73197 is divided by 5629?
20
What is the remainder when 8058 is divided by 5632?
2426
What is the remainder when 718706 is divided by 67?
64
What is the remainder when 1169 is divided by 121?
80
Calculate the remainder when 50556 is divided by 1011.
6
What is the remainder when 325622 is divided by 76?
38
What is the remainder when 97926 is divided by 32633?
27
What is the remainder when 49010 is divided by 381?
242
Calculate the remainder when 338169 is divided by 135.
129
What is the remainder when 301216 is divided by 38?
28
Calculate the remainder when 19951 is divided by 647.
541
Calculate the remainder when 7169 is divided by 2359.
92
What is the remainder when 50406 is divided by 10071?
51
What is the remainder when 8231 is divided by 341?
47
Calculate the remainder when 4900 is divided by 126.
112
What is the remainder when 203002 is divided by 40599?
7
Calculate the remainder when 8220 is divided by 2046.
36
Calculate the remainder when 45881 is divided by 105.
101
Calculate the remainder when 2026 is divided by 490.
66
What is the remainder when 1548 is divided by 454?
186
Calculate the remainder when 10609 is divided by 96.
49
Calculate the remainder when 2802248 is divided by 125.
123
What is the remainder when 92156 is divided by 142?
140
What is the remainder when 111090 is divided by 18?
12
Calculate the remainder when 5441 is divided by 103.
85
What is the remainder when 169266 is divided by 6269?
3
Calculate the remainder when 32513 is divided by 65.
13
What is the remainder when 210299 is divided by 71?
68
Calculate the remainder when 7275 is divided by 3591.
93
Calculate the remainder when 39595 is divided by 466.
451
What is the remainder when 121074 is divided by 2201?
19
What is the remainder when 1148 is divided by 577?
571
Calculate the remainder when 37050 is divided by 157.
155
What is the remainder when 12556 is divided by 157?
153
Calculate the remainder when 1932 is divided by 111.
45
Calculate the remainder when 20235 is divided by 86.
25
Calculate the remainder when 33267 is divided by 347.
302
What is the remainder when 29779 is divided by 3308?
7
Calculate the remainder when 359547 is divided by 9.
6
What is the remainder when 880 is divided by 225?
205
What is the remainder when 26691 is divided by 10?
1
What is the remainder when 13747 is divided by 39?
19
Calculate the remainder when 70441 is divided by 273.
7
What is the remainder when 134817 is divided by 165?
12
Calculate the remainder when 13158 is divided by 4056.
990
Calculate the remainder when 210 is divided by 53.
51
What is the remainder when 10070 is divided by 1112?
62
Calculate the remainder when 41547 is divided by 243.
237
Calculate the remainder when 7210 is divided by 557.
526
What is the remainder when 75268 is divided by 588?
4
Calculate the remainder when 8778 is divided by 216.
138
Calculate the remainder when 4528 is divided by 7.
6
Wh